1/12*v**4. Determine i(2).
5
Let o(y) = 2*y**3 + 6*y**2 + 7*y - 4. Let d be o(-4). Let j = d - -72. Let x(b) = -2*b + 10. What is x(j)?
-6
Let k(d) = 16*d**2 - 1. Let a be k(1). Let y = a - 14. Let w(u) be the first derivative of -13*u**3/3 - u**2 + u + 26. What is w(y)?
-14
Let f(z) be the first derivative of 3*z**2 - z + 364. Give f(1).
5
Let x = 562 + -564. Let n(p) = -p**2 + 2*p + 1. Let t(w) = 2*w**2 - w. Let f(g) = 3*n(g) + 2*t(g). Calculate f(x).
-1
Let f(r) = -2*r - 32. Let i be f(-14). Let b = -4 - i. Let l(v) = -v**3 + v**2 - v - 6. Calculate l(b).
-6
Let f(i) = -i**3 + 3*i**2 + 3. Suppose 15 = -5*r + 3*s, 4*r - s + 3 = -2. Let m be (-1)/(r - (-1)/6). Let q be ((-21)/6)/7*m. Give f(q).
3
Suppose 17*n - 18*n + 3*i = 1, -5*n = -4*i - 39. Let p(k) be the third derivative of 1/6*k**3 + 0*k + 0 + n*k**2 + 1/24*k**4. What is p(-5)?
-4
Let m(d) = 2*d - 6. Let v be m(8). Let g(x) = -2*x - 1. What is g(v)?
-21
Suppose 5*o = -17 - 23. Let w(p) = -p**3 - 8*p**2 - 2*p - 13. Give w(o).
3
Let a be 1*(14 + -2 + -3). Suppose -2*o + a = 5. Let b(z) = -o - 4*z - 3*z**2 + 2*z**2 + z**2 + z**2. Calculate b(5).
3
Let y(a) be the first derivative of -3/2*a**2 - 2/3*a**3 + 24 + 3*a. What is y(2)?
-11
Let m(t) = t**3 - 6*t**2 + t - 5. Let r(k) = 7*k - 19*k + 15*k + 32. Let b be r(-9). What is m(b)?
-25
Let w = -50 + 41. Let z(v) = v - 11. Give z(w).
-20
Let j(r) be the first derivative of -r**2/2 - 14*r + 82. What is j(-6)?
-8
Let b(g) = -g**2 + 7*g + 11. Let u(f) = f**2 - 8*f - 12. Let w(a) = -2*a + 44. Let t be w(19). Let n(k) = t*u(k) + 7*b(k). What is n(-4)?
-15
Suppose 4*i + 0*i = -4*o - 28, 2*o = 4*i + 16. Let c(m) be the third derivative of 3*m**2 + 0*m + 0 - 1/24*m**4 - m**3. What is c(i)?
-1
Suppose 9 = z + 2*r, 3*r - 31 - 21 = -5*z. Let c(l) = -4*l**3 + l - 2*l**3 + z*l**3 - 2 - 7*l**3 + 3*l**2. Calculate c(2).
-4
Let n(l) = -8 + 5 - l - 4 + 1. Suppose -17*j - 55 = -6*j. What is n(j)?
-1
Let m(g) = 119*g**2 - 8*g + 8*g - 113*g**2. Let s = -1 + 3. Suppose 5*k - s = -7. Give m(k).
6
Let k = 21 + -17. Let p(c) be the second derivative of 1/2*c**2 - 3*c + 0 + 1/6*c**3. Determine p(k).
5
Let y(s) = -6*s**2 - 1. Let q be ((-2)/8)/(6/(-72)). Suppose q*m - 10 = 17. Suppose 2*g - m = 5*l, l = -0*l - g + 1. What is y(l)?
-7
Suppose 0 = 4*a - 6*a + 16. Suppose -4*w + a = 2*x, 3*w - 3*x + 0*x = 6. Suppose 2*r - 5*l + 23 = -w*r, -l = -3. Let k(t) = 2*t - 2. Determine k(r).
-6
Let h(n) be the second derivative of n**4/24 - n**3/6 + 19*n**2/2 - 9*n. Let g(d) be the first derivative of h(d). Let r be 10/8 + (-1)/4. Give g(r).
0
Let h(x) = 4*x**3 - 15*x**2 + x - 9. Let y(z) = -3*z**3 + 13*z**2 - z + 10. Let i(c) = 2*h(c) + 3*y(c). Calculate i(9).
3
Let c be (0 - -16)/(-8) + -3. Let w(t) = t**3 + 6*t**2 + 2*t - 6. Determine w(c).
9
Let y(i) = -i**3 - 8*i**2 + 9*i - 7. Suppose -2 = 2*k - 10. Suppose 4*l = -h - 5, 7*h + 24 = k*h - 3*l. Determine y(h).
-7
Let v(s) = -s**3 - 4*s**2 - 3*s - 12. Let u be v(-4). Let q(m) = -m - 1. What is q(u)?
-1
Let u(y) = y**2 - y - 3. Suppose 4*d = -o + 3, -5*o + 5*d = -18 + 3. Suppose 0 = -2*w - o*w + 2*w. What is u(w)?
-3
Suppose -24 = -4*f - 7*h + 3*h, 4*h + 75 = 5*f. Let l(t) = -t**2 + 10*t + 1. Determine l(f).
-10
Let s(o) be the second derivative of o**5/5 - o**4/6 + o**3/6 + 174*o. What is s(2)?
26
Let k = 17 - 9. Let h(p) = 5*p**3 + 35*p**2 - 40*p + 28. Let s(n) = -2*n**3 - 12*n**2 + 14*n - 10. Let u(x) = 3*h(x) + 8*s(x). Give u(k).
4
Let q(l) = 11*l**2 + l - 1. Let z = 464 - 463. What is q(z)?
11
Let y = 22 + -20. Let p(f) = 3 - 3 + 4*f**y - 1 - 3*f**2. Let s(c) = -2*c + 9. Let k be s(6). Give p(k).
8
Suppose 1 = x - 2. Let a(c) = 0*c + 2*c + x - 4 - 3*c. Let u = -21 - -26. What is a(u)?
-6
Let w(l) = -l**2 - 5*l - 4. Let o be -68*((-9)/(-6) - 1). Let s = o + 31. Calculate w(s).
2
Let d(g) = -2*g - 9. Let l(o) = -4*o - 17. Let c(i) = 7*d(i) - 4*l(i). Suppose 0*h - h + 32 = -2*y, -4*y = 4*h - 80. Let v = -28 + h. Give c(v).
-3
Suppose -v = 7*v. Let i(s) = 1 - 1 - 7 - s + 0. Determine i(v).
-7
Let i = -1285 - -1285. Let p(c) = -c + 6 - 3 - 3. What is p(i)?
0
Let l be 5*-1*24/(-40). Suppose 0 = -4*q + l*q + 10. Suppose -4*b + 6*b = -q. Let j(d) = d**2 + 4*d + 2. What is j(b)?
7
Let q(a) be the first derivative of a**4/4 + 4*a**3 + 11*a**2/2 + 13*a - 19. What is q(-11)?
13
Let r(v) = 131*v - 67*v + v**3 - v**2 + 9 - 66*v. Let q be r(0). Let x(j) = j**2 - 9*j - 1. What is x(q)?
-1
Let z be 2 + (3 - -20 - 0). Let p = z - 23. Suppose p = -4*l + 3*l. Let f(t) = 8*t + 3. Give f(l).
-13
Let z(j) = 3*j - 11. Let l(w) = -5*w + 16. Let f(y) = -5*l(y) - 8*z(y). Suppose -5*h - 240 = -7*h. Let x = -126 + h. Determine f(x).
2
Suppose -u = -g - 4*u - 6, -g - 6 = -2*u. Let j(h) = -10*h + 1085*h**2 - 1092*h**2 - h**3 + 3*h - 5. Determine j(g).
1
Suppose -13*j + 18*j = 270. Let q = -47 + j. Let u(o) = -o**3 + 6*o**2 + 5*o - 7. Calculate u(q).
-21
Let i(p) = 7*p**3 - 34*p**2 - p - 26. Let x(r) = 15*r**3 - 72*r**2 - 3*r - 54. Let s(z) = -13*i(z) + 6*x(z). What is s(10)?
-36
Let t(j) = -5*j**3 + 2*j**2 - 5*j - 19. Let o(z) = -2*z**3 + z**2 - 2*z - 8. Let c(a) = -7*o(a) + 3*t(a). What is c(0)?
-1
Suppose -9*z + 58 - 31 = 0. Let r(p) = 4*p - 1. Let b be r(3). Let h(j) = -5*j + 9. Let t(f) = -f + 2. Let y(q) = b*t(q) - 2*h(q). Give y(z).
1
Let w(m) = m**3 - 4*m**2 + 9*m - 34. Let s be w(4). Let a(l) = l**3 - 2*l**2 + 4*l - 3. Determine a(s).
5
Let y(q) = 2*q - 3. Let l(j) = j**2 - 16*j - 158. Let b be l(23). What is y(b)?
3
Suppose 0 = 2*m + 8 + 2, 3*o - 30 = 3*m. Let l(x) = 179*x - 58*x - 64*x - 58*x. Determine l(o).
-5
Let p(n) = n**2 + n - 1. Let b(y) = -2*y**2 - y. Let d(k) = 4*b(k) + 3*p(k). Let x(r) be the first derivative of d(r). Calculate x(-1).
9
Let j(t) be the first derivative of -t**3/3 - 8*t**2 + 40*t - 67. Give j(-18).
4
Let n(y) = -y**3 + 7*y**2 - 8*y + 6. Suppose 3*j - 28 = -4*u, 4*u - 3*j - 28 = j. Let o = u + -1. What is n(o)?
-6
Suppose -43*u - 134 - 124 = 0. Let m(c) = 3*c - 12. Calculate m(u).
-30
Suppose -149 = -5*u - 119. Let m(p) be the third derivative of -p**4/8 + 2*p**3/3 - 4*p**2. Calculate m(u).
-14
Let u(b) = b**2 + b + 1. Let o(t) = -5*t**2 - 4*t + 1. Let j(i) = o(i) + 4*u(i). Suppose z = -4*n + 5, -3*z + 16 = 5*n + 1. Calculate j(z).
-20
Let h(b) be the second derivative of -b**7/840 - b**6/60 + 3*b**5/40 + 3*b**4/8 - 2*b**3/3 + b. Let v(f) be the second derivative of h(f). Determine v(-7).
-5
Let h(s) = -5*s**3 + 2*s + 1. Let q = -49 + 77. Let b = 27 - q. Calculate h(b).
4
Let f be 33 + -31 + 0 + 7. Let b(z) be the first derivative of -z**3/3 + 9*z**2/2 - 6*z - 7. What is b(f)?
-6
Let p(x) = 3*x - 5. Let d be (-385)/(-25) - (-3)/5 - -4. Suppose -d + 0 = -5*l. Determine p(l).
7
Let s = -35 + 40. Suppose 0 = -5*j - 2*v - 42, -j - 3*v - s = -7. Let k(y) = y**2 + 11*y - 8. Give k(j).
-18
Let h = 9 + -9. Let u(b) be the third derivative of -b**4/24 - 5*b**3/2 + 2*b**2. What is u(h)?
-15
Let q(v) = -2*v**2 - 8*v**2 + 0*v + 9*v**2 - 8 - 3*v. Determine q(-7).
-36
Let t(g) = 6*g**3 - 3*g**2 + 2. Let f(h) = -h**3 + h**2 - 1. Let n(b) = 2*f(b) + t(b). Suppose -3*d + 5 = 2*d. Suppose 2*s - d = 3*s. Give n(s).
-5
Suppose -9 = 4*a + 3*r + 2*r, -2*a = -r - 13. Let m(l) = -11*l**3 - l + a*l - l**2 - 2*l - 2*l**3. Give m(1).
-13
Let n(p) = 2*p**3 - p**2 + 3*p + 4. Let a be n(-1). Let u(m) = 4*m**2 + m + 2. Determine u(a).
16
Let p(m) = -m**3 - 3*m**2 + 2. Let a(w) = 2*w**3 + 17*w**2 + 10*w - 9. Let k(r) = a(r) + 3*p(r). Calculate k(9).
6
Let h(n) = 5*n + 14. Let z(v) = -14*v - 40. Let m(l) = 17*h(l) + 6*z(l). Let p = 3 + -8. Determine m(p).
-7
Let h(d) be the second derivative of d**5/20 - d**4/3 + d**3/2 - d**2/2 + 143*d. Give h(4).
11
Let v(u) = u**3 + 11*u**2 + 4*u. Let a(h) = -h**3 - 10*h**2 - 3*h. Suppose -2*r - 1 = -7. Let q(f) = r*v(f) + 4*a(f). Determine q(-7).
0
Let n be 0 - (-4*2)/(-4). Let o be (-2 - 9/(-2))*n. Let q(w) be the first derivative of -w**2/2 - 29. Calculate q(o).
5
Suppose -38*i - 148 = 4. Let j(o) = -2*o - 2. Determine j(i).
6
Let q(k) = -k + 3. Let y be q(3). Suppose -4*m + y*a + 7 = -5*a, -2*m + 3*a + 3 = 0. Let w(c) = 5 - 9*c**3 - 6*c**2 - 5 - 3 + 8*c**m. What is w(-6)?
-3
Let h(b) be the third derivative of -b**6/120 - b**5/60 + b**3/6 - 105*b**2. Give h(-2).
5
Let a(o) = -o - 3. Suppose -r = 4*r + 90.